{"id":97,"date":"2023-12-24T02:14:40","date_gmt":"2023-12-23T23:14:40","guid":{"rendered":"https:\/\/www.pekgozmantar.com\/?page_id=97"},"modified":"2023-12-24T02:38:07","modified_gmt":"2023-12-23T23:38:07","slug":"galeri","status":"publish","type":"page","link":"https:\/\/www.pekgozmantar.com\/?page_id=97","title":{"rendered":"Galeri"},"content":{"rendered":"\n    \n    <section class=\"u-clearfix u-container-align-center-md u-container-align-center-xl u-palette-4-light-2 u-section-2\" id=\"carousel_fe76\">\n      <div class=\"u-clearfix u-sheet u-sheet-1\">\n        <h2 class=\"u-align-center u-text u-text-default u-text-1\">\u00dcretim Hanemiz<\/h2>\n        <p class=\"u-align-center u-text u-text-2\"> \u00dcst\u00fcn ve kaliteli hizmet anlay\u0131\u015f\u0131 ile \u0130sitiridye Mantar\u0131 Ve Kompost \u00dcretmeye Devam Ediyoruz...<\/p>\n        <div class=\"u-expanded-width-lg u-expanded-width-md u-palette-1-base u-shape u-shape-rectangle u-shape-1\" data-animation-name=\"customAnimationIn\" data-animation-duration=\"1500\" data-animation-delay=\"500\"><\/div>\n        <div class=\"u-expanded-width-xs u-gallery u-layout-grid u-lightbox u-no-transition u-show-text-on-hover u-gallery-1\">\n          <div class=\"u-gallery-inner u-gallery-inner-1\">\n            <div class=\"u-effect-fade u-gallery-item\" data-image-width=\"2048\" data-image-height=\"1365\">\n              <div class=\"u-back-slide\">\n                <img decoding=\"async\" class=\"u-back-image u-expanded\" src=\"https:\/\/www.pekgozmantar.com\/wp-content\/uploads\/2023\/12\/da8f069f-0c96-4fd5-8ec2-f96e9dda120b.jpg\">\n              <\/div>\n              <div class=\"u-over-slide u-shading u-over-slide-1\"><\/div>\n            <\/div>\n            <div class=\"u-effect-fade u-gallery-item\" data-image-width=\"1200\" data-image-height=\"1600\">\n              <div class=\"u-back-slide\">\n                <img decoding=\"async\" class=\"u-back-image u-expanded\" src=\"https:\/\/www.pekgozmantar.com\/wp-content\/uploads\/2023\/12\/06475293-f314-4e5c-b3fc-80ccbde0ac76.jpg\">\n              <\/div>\n              <div class=\"u-over-slide u-shading u-over-slide-2\"><\/div>\n            <\/div>\n            <div class=\"u-effect-fade u-gallery-item\" data-image-width=\"1600\" data-image-height=\"1200\">\n              <div class=\"u-back-slide\">\n                <img decoding=\"async\" class=\"u-back-image u-expanded\" src=\"https:\/\/www.pekgozmantar.com\/wp-content\/uploads\/2023\/12\/92c1ace0-e6d6-4800-9ca3-d9ed06716486.jpg\">\n              <\/div>\n              <div class=\"u-over-slide u-shading u-over-slide-3\"><\/div>\n            <\/div>\n            <div class=\"u-effect-fade u-gallery-item\" data-image-width=\"2048\" data-image-height=\"1365\">\n              <div class=\"u-back-slide\">\n                <img decoding=\"async\" class=\"u-back-image u-expanded\" src=\"https:\/\/www.pekgozmantar.com\/wp-content\/uploads\/2023\/12\/e3810dbf-24a7-45ef-82a8-8ff5e904216d.jpg\">\n              <\/div>\n              <div class=\"u-over-slide u-shading u-over-slide-4\"><\/div>\n            <\/div>\n            <div class=\"u-effect-fade u-gallery-item\" data-image-width=\"1920\" data-image-height=\"1080\">\n              <div class=\"u-back-slide\">\n                <img decoding=\"async\" class=\"u-back-image u-expanded\" src=\"https:\/\/www.pekgozmantar.com\/wp-content\/uploads\/2023\/12\/6c11beaf-f534-40d5-a503-310b97422888.jpg\">\n              <\/div>\n              <div class=\"u-over-slide u-shading u-over-slide-5\"><\/div>\n            <\/div>\n            <div class=\"u-effect-fade u-gallery-item\" data-image-width=\"1080\" data-image-height=\"1920\">\n              <div class=\"u-back-slide\">\n                <img decoding=\"async\" class=\"u-back-image u-expanded\" src=\"https:\/\/www.pekgozmantar.com\/wp-content\/uploads\/2023\/12\/67986db0-4b84-4ee3-bc77-3000000000000001.jpg\">\n              <\/div>\n              <div class=\"u-over-slide u-shading u-over-slide-6\"><\/div>\n            <\/div>\n            <div class=\"u-effect-fade u-gallery-item\" data-image-width=\"2048\" data-image-height=\"1365\">\n              <div class=\"u-back-slide\">\n                <img decoding=\"async\" class=\"u-back-image u-expanded\" src=\"https:\/\/www.pekgozmantar.com\/wp-content\/uploads\/2023\/12\/ed61cf4a-ce03-48b7-b2e7-cefd2f64b0c9.jpg\">\n              <\/div>\n              <div class=\"u-over-slide u-shading u-over-slide-7\"><\/div>\n            <\/div>\n            <div class=\"u-effect-fade u-gallery-item\" data-image-width=\"2048\" data-image-height=\"1365\">\n              <div class=\"u-back-slide\">\n                <img decoding=\"async\" class=\"u-back-image u-expanded\" src=\"https:\/\/www.pekgozmantar.com\/wp-content\/uploads\/2023\/12\/78005bc5-7852-41d0-8da9-4b5aba738259.jpg\">\n              <\/div>\n              <div class=\"u-over-slide u-shading u-over-slide-8\"><\/div>\n            <\/div>\n            <div class=\"u-effect-fade u-gallery-item\" data-image-width=\"2048\" data-image-height=\"1365\">\n              <div class=\"u-back-slide\">\n                <img decoding=\"async\" class=\"u-back-image u-expanded\" src=\"https:\/\/www.pekgozmantar.com\/wp-content\/uploads\/2023\/12\/b1b354fb-ead1-45d2-b915-918f1272b418.jpg\">\n              <\/div>\n              <div class=\"u-over-slide u-shading u-over-slide-9\"><\/div>\n            <\/div>\n            <div class=\"u-effect-fade u-gallery-item\" data-image-width=\"2048\" data-image-height=\"921\">\n              <div class=\"u-back-slide\">\n                <img decoding=\"async\" class=\"u-back-image u-expanded\" src=\"https:\/\/www.pekgozmantar.com\/wp-content\/uploads\/2023\/12\/WhatsAppImage2023-12-23at20.51.40.jpeg\">\n              <\/div>\n              <div class=\"u-over-slide u-shading u-over-slide-10\"><\/div>\n            <\/div>\n            <div class=\"u-effect-fade u-gallery-item\" data-image-width=\"1920\" data-image-height=\"1080\">\n              <div class=\"u-back-slide\">\n                <img decoding=\"async\" class=\"u-back-image u-expanded\" src=\"https:\/\/www.pekgozmantar.com\/wp-content\/uploads\/2023\/12\/WhatsAppImage2023-12-23at20.52.051.jpeg\">\n              <\/div>\n              <div class=\"u-over-slide u-shading u-over-slide-11\"><\/div>\n            <\/div>\n            <div class=\"u-effect-fade u-gallery-item\" data-image-width=\"1080\" data-image-height=\"1920\">\n              <div class=\"u-back-slide\">\n                <img decoding=\"async\" class=\"u-back-image u-expanded\" src=\"https:\/\/www.pekgozmantar.com\/wp-content\/uploads\/2023\/12\/WhatsAppImage2023-12-23at20.51.48.jpeg\">\n              <\/div>\n              <div class=\"u-over-slide u-shading u-over-slide-12\"><\/div>\n            <\/div>\n            <div class=\"u-effect-fade u-gallery-item\" data-image-width=\"2048\" data-image-height=\"921\">\n              <div class=\"u-back-slide\">\n                <img decoding=\"async\" class=\"u-back-image u-expanded\" src=\"https:\/\/www.pekgozmantar.com\/wp-content\/uploads\/2023\/12\/WhatsAppImage2023-12-23at20.52.071.jpeg\">\n              <\/div>\n              <div class=\"u-over-slide u-shading u-over-slide-13\"><\/div>\n            <\/div>\n            <div class=\"u-effect-fade u-gallery-item\" data-image-width=\"1200\" data-image-height=\"1600\">\n              <div class=\"u-back-slide\">\n                <img decoding=\"async\" class=\"u-back-image u-expanded\" src=\"https:\/\/www.pekgozmantar.com\/wp-content\/uploads\/2023\/12\/WhatsAppImage2023-12-23at20.51.452.jpeg\">\n              <\/div>\n              <div class=\"u-over-slide u-shading u-over-slide-14\"><\/div>\n            <\/div>\n            <div class=\"u-effect-fade u-gallery-item\" data-image-width=\"1920\" data-image-height=\"1080\">\n              <div class=\"u-back-slide\">\n                <img decoding=\"async\" class=\"u-back-image u-expanded\" src=\"https:\/\/www.pekgozmantar.com\/wp-content\/uploads\/2023\/12\/WhatsAppImage2023-12-23at20.52.01.jpeg\">\n              <\/div>\n              <div class=\"u-over-slide u-shading u-over-slide-15\"><\/div>\n            <\/div>\n            <div class=\"u-effect-fade u-gallery-item\" data-image-width=\"1536\" data-image-height=\"2048\">\n              <div class=\"u-back-slide\">\n                <img decoding=\"async\" class=\"u-back-image u-expanded\" src=\"https:\/\/www.pekgozmantar.com\/wp-content\/uploads\/2023\/12\/WhatsAppImage2023-12-23at20.52.112.jpeg\">\n              <\/div>\n              <div class=\"u-over-slide u-shading u-over-slide-16\"><\/div>\n            <\/div>\n            <div class=\"u-effect-fade u-gallery-item\" data-image-width=\"1920\" data-image-height=\"1080\">\n              <div class=\"u-back-slide\">\n                <img decoding=\"async\" class=\"u-back-image u-expanded\" src=\"https:\/\/www.pekgozmantar.com\/wp-content\/uploads\/2023\/12\/WhatsAppImage2023-12-23at20.51.372.jpeg\">\n              <\/div>\n              <div class=\"u-over-slide u-shading u-over-slide-17\"><\/div>\n            <\/div>\n            <div class=\"u-effect-fade u-gallery-item\" data-image-width=\"1080\" data-image-height=\"1920\">\n              <div class=\"u-back-slide\">\n                <img decoding=\"async\" class=\"u-back-image u-expanded\" src=\"https:\/\/www.pekgozmantar.com\/wp-content\/uploads\/2023\/12\/WhatsAppImage2023-12-23at20.52.05.jpeg\">\n              <\/div>\n              <div class=\"u-over-slide u-shading u-over-slide-18\"><\/div>\n            <\/div>\n            <div class=\"u-effect-fade u-gallery-item\" data-image-width=\"2048\" data-image-height=\"921\">\n              <div class=\"u-back-slide\">\n                <img decoding=\"async\" class=\"u-back-image u-expanded\" src=\"https:\/\/www.pekgozmantar.com\/wp-content\/uploads\/2023\/12\/WhatsAppImage2023-12-23at20.51.482.jpeg\">\n              <\/div>\n              <div class=\"u-over-slide u-shading u-over-slide-19\"><\/div>\n            <\/div>\n            <div class=\"u-effect-fade u-gallery-item\" data-image-width=\"1080\" data-image-height=\"1920\">\n              <div class=\"u-back-slide\">\n                <img decoding=\"async\" class=\"u-back-image u-expanded\" src=\"https:\/\/www.pekgozmantar.com\/wp-content\/uploads\/2023\/12\/WhatsAppImage2023-12-23at20.51.51.jpeg\">\n              <\/div>\n              <div class=\"u-over-slide u-shading u-over-slide-20\"><\/div>\n            <\/div>\n            <div class=\"u-effect-fade u-gallery-item\" data-image-width=\"2048\" data-image-height=\"921\">\n              <div class=\"u-back-slide\">\n                <img decoding=\"async\" class=\"u-back-image u-expanded\" src=\"https:\/\/www.pekgozmantar.com\/wp-content\/uploads\/2023\/12\/WhatsAppImage2023-12-23at20.52.09.jpeg\">\n              <\/div>\n              <div class=\"u-over-slide u-shading u-over-slide-21\"><\/div>\n            <\/div>\n            <div class=\"u-effect-fade u-gallery-item\" data-image-width=\"2048\" data-image-height=\"921\">\n              <div class=\"u-back-slide\">\n                <img decoding=\"async\" class=\"u-back-image u-expanded\" src=\"https:\/\/www.pekgozmantar.com\/wp-content\/uploads\/2023\/12\/WhatsAppImage2023-12-23at20.52.021.jpeg\">\n              <\/div>\n              <div class=\"u-over-slide u-shading u-over-slide-22\"><\/div>\n            <\/div>\n            <div class=\"u-effect-fade u-gallery-item\" data-image-width=\"1152\" data-image-height=\"2048\">\n              <div class=\"u-back-slide\">\n                <img decoding=\"async\" class=\"u-back-image u-expanded\" src=\"https:\/\/www.pekgozmantar.com\/wp-content\/uploads\/2023\/12\/WhatsAppImage2023-12-23at20.51.37.jpeg\">\n              <\/div>\n              <div class=\"u-over-slide u-shading u-over-slide-23\"><\/div>\n            <\/div>\n            <div class=\"u-effect-fade u-gallery-item\" data-image-width=\"2048\" data-image-height=\"921\">\n              <div class=\"u-back-slide\">\n                <img decoding=\"async\" class=\"u-back-image u-expanded\" src=\"https:\/\/www.pekgozmantar.com\/wp-content\/uploads\/2023\/12\/WhatsAppImage2023-12-23at20.51.58.jpeg\">\n              <\/div>\n              <div class=\"u-over-slide u-shading u-over-slide-24\"><\/div>\n            <\/div>\n            <div class=\"u-effect-fade u-gallery-item\" data-image-width=\"2048\" data-image-height=\"921\">\n              <div class=\"u-back-slide\">\n                <img decoding=\"async\" class=\"u-back-image u-expanded\" src=\"https:\/\/www.pekgozmantar.com\/wp-content\/uploads\/2023\/12\/WhatsAppImage2023-12-23at20.51.401.jpeg\">\n              <\/div>\n              <div class=\"u-over-slide u-shading u-over-slide-25\"><\/div>\n            <\/div>\n            <div class=\"u-effect-fade u-gallery-item\" data-image-width=\"1200\" data-image-height=\"1600\">\n              <div class=\"u-back-slide\">\n                <img decoding=\"async\" class=\"u-back-image u-expanded\" src=\"https:\/\/www.pekgozmantar.com\/wp-content\/uploads\/2023\/12\/WhatsAppImage2023-12-23at20.51.47.jpeg\">\n              <\/div>\n              <div class=\"u-over-slide u-shading u-over-slide-26\"><\/div>\n            <\/div>\n            <div class=\"u-effect-fade u-gallery-item\" data-image-width=\"1200\" data-image-height=\"1600\">\n              <div class=\"u-back-slide\">\n                <img decoding=\"async\" class=\"u-back-image u-expanded\" src=\"https:\/\/www.pekgozmantar.com\/wp-content\/uploads\/2023\/12\/WhatsAppImage2023-12-23at20.51.522.jpeg\">\n              <\/div>\n              <div class=\"u-over-slide u-shading u-over-slide-27\"><\/div>\n            <\/div>\n            <div class=\"u-effect-fade u-gallery-item\" data-image-width=\"921\" data-image-height=\"2048\">\n              <div class=\"u-back-slide\">\n                <img decoding=\"async\" class=\"u-back-image u-expanded\" src=\"https:\/\/www.pekgozmantar.com\/wp-content\/uploads\/2023\/12\/WhatsAppImage2023-12-23at20.51.421.jpeg\">\n              <\/div>\n              <div class=\"u-over-slide u-shading u-over-slide-28\"><\/div>\n            <\/div>\n            <div class=\"u-effect-fade u-gallery-item\" data-image-width=\"1200\" data-image-height=\"1600\">\n              <div class=\"u-back-slide\">\n                <img decoding=\"async\" class=\"u-back-image u-expanded\" src=\"https:\/\/www.pekgozmantar.com\/wp-content\/uploads\/2023\/12\/WhatsAppImage2023-12-23at20.51.533.jpeg\">\n              <\/div>\n              <div class=\"u-over-slide u-shading u-over-slide-29\"><\/div>\n            <\/div>\n            <div class=\"u-effect-fade u-gallery-item\" data-image-width=\"2048\" data-image-height=\"921\">\n              <div class=\"u-back-slide\">\n                <img decoding=\"async\" class=\"u-back-image u-expanded\" src=\"https:\/\/www.pekgozmantar.com\/wp-content\/uploads\/2023\/12\/WhatsAppImage2023-12-23at20.51.42.jpeg\">\n              <\/div>\n              <div class=\"u-over-slide u-shading u-over-slide-30\"><\/div>\n            <\/div>\n            <div class=\"u-effect-fade u-gallery-item\" data-image-width=\"1200\" data-image-height=\"1600\">\n              <div class=\"u-back-slide\">\n                <img decoding=\"async\" class=\"u-back-image u-expanded\" src=\"https:\/\/www.pekgozmantar.com\/wp-content\/uploads\/2023\/12\/WhatsAppImage2023-12-23at20.51.453.jpeg\">\n              <\/div>\n              <div class=\"u-over-slide u-shading u-over-slide-31\"><\/div>\n            <\/div>\n            <div class=\"u-effect-fade u-gallery-item\" data-image-width=\"2048\" data-image-height=\"921\">\n              <div class=\"u-back-slide\">\n                <img decoding=\"async\" class=\"u-back-image u-expanded\" src=\"https:\/\/www.pekgozmantar.com\/wp-content\/uploads\/2023\/12\/WhatsAppImage2023-12-23at20.51.57.jpeg\">\n              <\/div>\n              <div class=\"u-over-slide u-shading u-over-slide-32\"><\/div>\n            <\/div>\n            <div class=\"u-effect-fade u-gallery-item\" data-image-width=\"1920\" data-image-height=\"1080\">\n              <div class=\"u-back-slide\">\n                <img decoding=\"async\" class=\"u-back-image u-expanded\" src=\"https:\/\/www.pekgozmantar.com\/wp-content\/uploads\/2023\/12\/WhatsAppImage2023-12-23at20.51.511.jpeg\">\n              <\/div>\n              <div class=\"u-over-slide u-shading u-over-slide-33\"><\/div>\n            <\/div>\n            <div class=\"u-effect-fade u-gallery-item\" data-image-width=\"899\" data-image-height=\"1599\">\n              <div class=\"u-back-slide\">\n                <img decoding=\"async\" class=\"u-back-image u-expanded\" src=\"https:\/\/www.pekgozmantar.com\/wp-content\/uploads\/2023\/12\/WhatsAppImage2023-12-23at20.52.061.jpeg\">\n              <\/div>\n              <div class=\"u-over-slide u-shading u-over-slide-34\"><\/div>\n            <\/div>\n            <div class=\"u-effect-fade u-gallery-item\" data-image-width=\"1920\" data-image-height=\"1080\">\n              <div class=\"u-back-slide\">\n                <img decoding=\"async\" class=\"u-back-image u-expanded\" src=\"https:\/\/www.pekgozmantar.com\/wp-content\/uploads\/2023\/12\/WhatsAppImage2023-12-23at20.51.52.jpeg\">\n              <\/div>\n              <div class=\"u-over-slide u-shading u-over-slide-35\"><\/div>\n            <\/div>\n            <div class=\"u-effect-fade u-gallery-item\" data-image-width=\"1920\" data-image-height=\"1080\">\n              <div class=\"u-back-slide\">\n                <img decoding=\"async\" class=\"u-back-image u-expanded\" src=\"https:\/\/www.pekgozmantar.com\/wp-content\/uploads\/2023\/12\/WhatsAppImage2023-12-23at20.51.49.jpeg\">\n              <\/div>\n              <div class=\"u-over-slide u-shading u-over-slide-36\"><\/div>\n            <\/div>\n            <div class=\"u-effect-fade u-gallery-item\" data-image-width=\"2048\" data-image-height=\"921\">\n              <div class=\"u-back-slide\">\n                <img decoding=\"async\" class=\"u-back-image u-expanded\" src=\"https:\/\/www.pekgozmantar.com\/wp-content\/uploads\/2023\/12\/WhatsAppImage2023-12-23at20.52.101.jpeg\">\n              <\/div>\n              <div class=\"u-over-slide u-shading u-over-slide-37\"><\/div>\n            <\/div>\n            <div class=\"u-effect-fade u-gallery-item\" data-image-width=\"2048\" data-image-height=\"921\">\n              <div class=\"u-back-slide\">\n                <img decoding=\"async\" class=\"u-back-image u-expanded\" src=\"https:\/\/www.pekgozmantar.com\/wp-content\/uploads\/2023\/12\/WhatsAppImage2023-12-23at20.51.562.jpeg\">\n              <\/div>\n              <div class=\"u-over-slide u-shading u-over-slide-38\"><\/div>\n            <\/div>\n            <div class=\"u-effect-fade u-gallery-item\" data-image-width=\"1200\" data-image-height=\"1600\">\n              <div class=\"u-back-slide\">\n                <img decoding=\"async\" class=\"u-back-image u-expanded\" src=\"https:\/\/www.pekgozmantar.com\/wp-content\/uploads\/2023\/12\/WhatsAppImage2023-12-23at20.51.53.jpeg\">\n              <\/div>\n              <div class=\"u-over-slide u-shading u-over-slide-39\"><\/div>\n            <\/div>\n            <div class=\"u-effect-fade u-gallery-item\" data-image-width=\"2048\" data-image-height=\"921\">\n              <div class=\"u-back-slide\">\n                <img decoding=\"async\" class=\"u-back-image u-expanded\" src=\"https:\/\/www.pekgozmantar.com\/wp-content\/uploads\/2023\/12\/WhatsAppImage2023-12-23at20.51.592.jpeg\">\n              <\/div>\n              <div class=\"u-over-slide u-shading u-over-slide-40\"><\/div>\n            <\/div>\n            <div class=\"u-effect-fade u-gallery-item\" data-image-width=\"1537\" data-image-height=\"2048\">\n              <div class=\"u-back-slide\">\n                <img decoding=\"async\" class=\"u-back-image u-expanded\" src=\"https:\/\/www.pekgozmantar.com\/wp-content\/uploads\/2023\/12\/WhatsAppImage2023-12-23at20.51.371.jpeg\">\n              <\/div>\n              <div class=\"u-over-slide u-shading u-over-slide-41\"><\/div>\n            <\/div>\n            <div class=\"u-effect-fade u-gallery-item\" data-image-width=\"899\" data-image-height=\"1599\">\n              <div class=\"u-back-slide\">\n                <img decoding=\"async\" class=\"u-back-image u-expanded\" src=\"https:\/\/www.pekgozmantar.com\/wp-content\/uploads\/2023\/12\/WhatsAppImage2023-12-23at20.51.471.jpeg\">\n              <\/div>\n              <div class=\"u-over-slide u-shading u-over-slide-42\"><\/div>\n            <\/div>\n            <div class=\"u-effect-fade u-gallery-item\" data-image-width=\"1200\" data-image-height=\"1600\">\n              <div class=\"u-back-slide\">\n                <img decoding=\"async\" class=\"u-back-image u-expanded\" src=\"https:\/\/www.pekgozmantar.com\/wp-content\/uploads\/2023\/12\/WhatsAppImage2023-12-23at20.51.532.jpeg\">\n              <\/div>\n              <div class=\"u-over-slide u-shading u-over-slide-43\"><\/div>\n            <\/div>\n            <div class=\"u-effect-fade u-gallery-item\" data-image-width=\"921\" data-image-height=\"2048\">\n              <div class=\"u-back-slide\">\n                <img decoding=\"async\" class=\"u-back-image u-expanded\" src=\"https:\/\/www.pekgozmantar.com\/wp-content\/uploads\/2023\/12\/WhatsAppImage2023-12-23at20.51.561.jpeg\">\n              <\/div>\n              <div class=\"u-over-slide u-shading u-over-slide-44\"><\/div>\n            <\/div>\n            <div class=\"u-effect-fade u-gallery-item\" data-image-width=\"2048\" data-image-height=\"921\">\n              <div class=\"u-back-slide\">\n                <img decoding=\"async\" class=\"u-back-image u-expanded\" src=\"https:\/\/www.pekgozmantar.com\/wp-content\/uploads\/2023\/12\/WhatsAppImage2023-12-23at20.52.03.jpeg\">\n              <\/div>\n              <div class=\"u-over-slide u-shading u-over-slide-45\"><\/div>\n            <\/div>\n            <div class=\"u-effect-fade u-gallery-item\" data-image-width=\"1200\" data-image-height=\"1600\">\n              <div class=\"u-back-slide\">\n                <img decoding=\"async\" class=\"u-back-image u-expanded\" src=\"https:\/\/www.pekgozmantar.com\/wp-content\/uploads\/2023\/12\/WhatsAppImage2023-12-23at20.51.531.jpeg\">\n              <\/div>\n              <div class=\"u-over-slide u-shading u-over-slide-46\"><\/div>\n            <\/div>\n            <div class=\"u-effect-fade u-gallery-item\" data-image-width=\"1920\" data-image-height=\"1080\">\n              <div class=\"u-back-slide\">\n                <img decoding=\"async\" class=\"u-back-image u-expanded\" src=\"https:\/\/www.pekgozmantar.com\/wp-content\/uploads\/2023\/12\/WhatsAppImage2023-12-23at20.51.481.jpeg\">\n              <\/div>\n              <div class=\"u-over-slide u-shading u-over-slide-47\"><\/div>\n            <\/div>\n            <div class=\"u-effect-fade u-gallery-item\" data-image-width=\"2048\" data-image-height=\"921\">\n              <div class=\"u-back-slide\">\n                <img decoding=\"async\" class=\"u-back-image u-expanded\" src=\"https:\/\/www.pekgozmantar.com\/wp-content\/uploads\/2023\/12\/WhatsAppImage2023-12-23at20.51.551.jpeg\">\n              <\/div>\n              <div class=\"u-over-slide u-shading u-over-slide-48\"><\/div>\n            <\/div>\n            <div class=\"u-effect-fade u-gallery-item\" data-image-width=\"1536\" data-image-height=\"2048\">\n              <div class=\"u-back-slide\">\n                <img decoding=\"async\" class=\"u-back-image u-expanded\" src=\"https:\/\/www.pekgozmantar.com\/wp-content\/uploads\/2023\/12\/WhatsAppImage2023-12-23at20.52.11.jpeg\">\n              <\/div>\n              <div class=\"u-over-slide u-shading u-over-slide-49\"><\/div>\n            <\/div>\n            <div class=\"u-effect-fade u-gallery-item\" data-image-width=\"2048\" data-image-height=\"921\">\n              <div class=\"u-back-slide\">\n                <img decoding=\"async\" class=\"u-back-image u-expanded\" src=\"https:\/\/www.pekgozmantar.com\/wp-content\/uploads\/2023\/12\/WhatsAppImage2023-12-23at20.52.07.jpeg\">\n              <\/div>\n              <div class=\"u-over-slide u-shading u-over-slide-50\"><\/div>\n            <\/div>\n            <div class=\"u-effect-fade u-gallery-item\" data-image-width=\"1536\" data-image-height=\"2048\">\n              <div class=\"u-back-slide\">\n                <img decoding=\"async\" class=\"u-back-image u-expanded\" src=\"https:\/\/www.pekgozmantar.com\/wp-content\/uploads\/2023\/12\/WhatsAppImage2023-12-23at20.52.113.jpeg\">\n              <\/div>\n              <div class=\"u-over-slide u-shading u-over-slide-51\"><\/div>\n            <\/div>\n          <\/div>\n        <\/div>\n      <\/div>\n    <\/section>\n    \n    \n    \n  \n","protected":false},"excerpt":{"rendered":"<p>\u00dcretim Hanemiz \u00dcst\u00fcn ve kaliteli hizmet anlay\u0131\u015f\u0131 ile \u0130sitiridye Mantar\u0131 Ve Kompost \u00dcretmeye Devam Ediyoruz&#8230;<\/p>\n","protected":false},"author":1,"featured_media":0,"parent":0,"menu_order":4,"comment_status":"closed","ping_status":"closed","template":"","meta":{"footnotes":""},"class_list":["post-97","page","type-page","status-publish","hentry"],"_links":{"self":[{"href":"https:\/\/www.pekgozmantar.com\/index.php?rest_route=\/wp\/v2\/pages\/97","targetHints":{"allow":["GET"]}}],"collection":[{"href":"https:\/\/www.pekgozmantar.com\/index.php?rest_route=\/wp\/v2\/pages"}],"about":[{"href":"https:\/\/www.pekgozmantar.com\/index.php?rest_route=\/wp\/v2\/types\/page"}],"author":[{"embeddable":true,"href":"https:\/\/www.pekgozmantar.com\/index.php?rest_route=\/wp\/v2\/users\/1"}],"replies":[{"embeddable":true,"href":"https:\/\/www.pekgozmantar.com\/index.php?rest_route=%2Fwp%2Fv2%2Fcomments&post=97"}],"version-history":[{"count":1,"href":"https:\/\/www.pekgozmantar.com\/index.php?rest_route=\/wp\/v2\/pages\/97\/revisions"}],"predecessor-version":[{"id":108,"href":"https:\/\/www.pekgozmantar.com\/index.php?rest_route=\/wp\/v2\/pages\/97\/revisions\/108"}],"wp:attachment":[{"href":"https:\/\/www.pekgozmantar.com\/index.php?rest_route=%2Fwp%2Fv2%2Fmedia&parent=97"}],"curies":[{"name":"wp","href":"https:\/\/api.w.org\/{rel}","templated":true}]}}