{"id":98,"date":"2023-12-24T02:14:41","date_gmt":"2023-12-23T23:14:41","guid":{"rendered":"https:\/\/www.pekgozmantar.com\/?page_id=98"},"modified":"2023-12-24T02:39:17","modified_gmt":"2023-12-23T23:39:17","slug":"hakkimizda-2","status":"publish","type":"page","link":"https:\/\/www.pekgozmantar.com\/?page_id=98","title":{"rendered":"Hakk\u0131m\u0131zda"},"content":{"rendered":"\n    \n    <section class=\"u-clearfix u-container-align-center u-palette-4-base u-section-2\" id=\"carousel_bccb\">\n      <div class=\"u-clearfix u-sheet u-valign-middle-lg u-valign-middle-md u-valign-middle-sm u-valign-middle-xl u-sheet-1\">\n        <h2 class=\"u-align-center u-text u-text-body-alt-color u-text-default u-text-1\" data-animation-name=\"customAnimationIn\" data-animation-duration=\"1500\">Hakk\u0131m\u0131zda<\/h2>\n        <p class=\"u-align-center u-text u-text-2\" data-animation-name=\"customAnimationIn\" data-animation-duration=\"1500\" data-animation-delay=\"250\">10 Y\u0131l\u0131 A\u015fk\u0131n Tecr\u00fcbe<\/p>\n        <div class=\"data-layout-selected u-clearfix u-expanded-width u-gutter-0 u-layout-wrap u-layout-wrap-1\">\n          <div class=\"u-layout\">\n            <div class=\"u-layout-row\">\n              <div class=\"u-container-align-left u-container-style u-layout-cell u-size-22 u-white u-layout-cell-1\" data-animation-name=\"customAnimationIn\" data-animation-duration=\"1500\" data-animation-delay=\"500\">\n                <div class=\"u-container-layout u-container-layout-1\">\n                  <p class=\"u-align-left u-text u-text-3\"> Pekg\u00f6z Mantar&nbsp;&nbsp;olarak, \u00f6nceli\u011fimiz m\u00fc\u015fterilerimizin kendi ortamlar\u0131nda istiridye mantar\u0131 yeti\u015ftirmelerini kolayla\u015ft\u0131racak \u015fekilde \u00fcr\u00fcnler sunmakt\u0131r.&nbsp; &nbsp;Biz&nbsp; m\u00fc\u015fterilerimizin, hangi b\u00f6lgede olurlarsa olsunlar onlara bu \u00fcr\u00fcnleri ula\u015ft\u0131rma hizmetini bir misyon edindik.\u00dclkemize kazand\u0131rd\u0131\u011f\u0131m\u0131z zengiliklerden olduk\u00e7a memnunuz. Pekg\u00f6z Mantar, 2013 y\u0131l\u0131nda kurumsal olarak hizmete KONYA'da ba\u015flam\u0131\u015f ve g\u00fcn\u00fcm\u00fcze kadar modern altyap\u0131s\u0131 ve \u00fcst\u00fcn hizmet anlay\u0131\u015f\u0131 ile ilerlemeye devam etmektedir.&nbsp;<br>\n                    <br>Pekg\u00f6z Mantar 3000 m2 kapal\u0131 alan\u0131 4000 m2 a\u00e7\u0131k alana kurulan \u00fcretim hanemiz Avrupa Standartlar\u0131nda kurulmu\u015ftur \n                  <\/p>\n                <\/div>\n              <\/div>\n              <div class=\"u-align-center u-container-style u-image u-layout-cell u-size-38 u-image-1\" data-image-width=\"1280\" data-image-height=\"853\" data-animation-name=\"customAnimationIn\" data-animation-duration=\"1500\" data-animation-delay=\"250\" style=\"background-image: url(&quot;https:\/\/www.pekgozmantar.com\/wp-content\/uploads\/2023\/12\/Hakkimizda.png&quot;);\">\n                <div class=\"u-container-layout u-valign-top u-container-layout-2\"><\/div>\n              <\/div>\n            <\/div>\n          <\/div>\n        <\/div>\n      <\/div>\n    <\/section>\n    \n    \n    \n  \n","protected":false},"excerpt":{"rendered":"<p>Hakk\u0131m\u0131zda 10 Y\u0131l\u0131 A\u015fk\u0131n Tecr\u00fcbe Pekg\u00f6z Mantar&nbsp;&nbsp;olarak, \u00f6nceli\u011fimiz m\u00fc\u015fterilerimizin kendi ortamlar\u0131nda istiridye mantar\u0131 yeti\u015ftirmelerini kolayla\u015ft\u0131racak \u015fekilde \u00fcr\u00fcnler sunmakt\u0131r.&nbsp; &nbsp;Biz&nbsp; m\u00fc\u015fterilerimizin, hangi b\u00f6lgede olurlarsa olsunlar onlara bu \u00fcr\u00fcnleri ula\u015ft\u0131rma hizmetini bir misyon edindik.\u00dclkemize kazand\u0131rd\u0131\u011f\u0131m\u0131z zengiliklerden olduk\u00e7a memnunuz. Pekg\u00f6z Mantar, 2013 y\u0131l\u0131nda kurumsal olarak hizmete KONYA&#8217;da ba\u015flam\u0131\u015f ve g\u00fcn\u00fcm\u00fcze kadar modern altyap\u0131s\u0131 ve \u00fcst\u00fcn hizmet anlay\u0131\u015f\u0131 ile &hellip; <a href=\"https:\/\/www.pekgozmantar.com\/?page_id=98\" class=\"more-link\">Continue reading<span class=\"screen-reader-text\"> &#8220;Hakk\u0131m\u0131zda&#8221;<\/span><\/a><\/p>\n","protected":false},"author":1,"featured_media":0,"parent":0,"menu_order":5,"comment_status":"closed","ping_status":"closed","template":"","meta":{"footnotes":""},"class_list":["post-98","page","type-page","status-publish","hentry"],"_links":{"self":[{"href":"https:\/\/www.pekgozmantar.com\/index.php?rest_route=\/wp\/v2\/pages\/98","targetHints":{"allow":["GET"]}}],"collection":[{"href":"https:\/\/www.pekgozmantar.com\/index.php?rest_route=\/wp\/v2\/pages"}],"about":[{"href":"https:\/\/www.pekgozmantar.com\/index.php?rest_route=\/wp\/v2\/types\/page"}],"author":[{"embeddable":true,"href":"https:\/\/www.pekgozmantar.com\/index.php?rest_route=\/wp\/v2\/users\/1"}],"replies":[{"embeddable":true,"href":"https:\/\/www.pekgozmantar.com\/index.php?rest_route=%2Fwp%2Fv2%2Fcomments&post=98"}],"version-history":[{"count":1,"href":"https:\/\/www.pekgozmantar.com\/index.php?rest_route=\/wp\/v2\/pages\/98\/revisions"}],"predecessor-version":[{"id":109,"href":"https:\/\/www.pekgozmantar.com\/index.php?rest_route=\/wp\/v2\/pages\/98\/revisions\/109"}],"wp:attachment":[{"href":"https:\/\/www.pekgozmantar.com\/index.php?rest_route=%2Fwp%2Fv2%2Fmedia&parent=98"}],"curies":[{"name":"wp","href":"https:\/\/api.w.org\/{rel}","templated":true}]}}